{"id":873,"date":"2016-01-28T08:36:23","date_gmt":"2016-01-28T07:36:23","guid":{"rendered":"http:\/\/kfgk.no\/?page_id=873"},"modified":"2023-01-23T20:12:20","modified_gmt":"2023-01-23T19:12:20","slug":"baneregeler","status":"publish","type":"page","link":"https:\/\/kfgk.no\/?page_id=873","title":{"rendered":"Baneregeler"},"content":{"rendered":"<ul>\n<li><strong>Utkast<\/strong>: Ved kast fra Utkast\/Tee m\u00e5 beina v\u00e6re i utkastfeltet n\u00e5r man slipper disken.<\/li>\n<li><strong>Kast fra Fairway:<\/strong> Ved kast fra Fairway\/Green m\u00e5 man st\u00e5 bak der disken landet p\u00e5 siste kast. Ideelt brukes mark\u00f8r\/mini. I konkurranser er mark\u00f8r p\u00e5lagt.<\/li>\n<li><strong>Putter: <\/strong>Hvis man putter innenfor 10 meter har man ikke lov til \u00e5 hoppe\/g\u00e5 mot kurven n\u00e5r man kaster. Disken skal henge i kjettingene eller ligge oppi kurven f\u00f8r den er godkjent og man er ferdig med hullet.<\/li>\n<li><strong>Kasterekkef\u00f8lge<\/strong>: Personen som fikk f\u00e6rrest kast p\u00e5 siste hull begynner alltid neste hull, og s\u00e5 forsetter man i stigende rekkef\u00f8lge. Den som er lengst unna kurven skal alltid kaste f\u00f8rst og de andre spillerene m\u00e5 st\u00e5 bak eller til sidene hvor de ikke kan bli truffet.<\/li>\n<li><strong><u>Ikke kast disker<\/u><\/strong> hvis det er andre ute p\u00e5 banen som kan bli truffet. Samme hensyn tas vedr\u00f8rende turg\u00e5ere p\u00e5 stier etc. Viktig!!!<\/li>\n<li><strong>Advare om fare<\/strong> Hvis du ser at disken er p\u00e5 vei hvor det kan v\u00e6re mennesker er det viktig at det ropes \u00abFore\u00bb for \u00e5 advare andre spillere om at det kommer disk mot dem. \u00abFore\u00bb er et utrykk som brukes i golf og frisbeegolf for \u00e5 advare om fare.<\/li>\n<li><strong>Ikke kast s\u00f8ppel p\u00e5 banen!<\/strong> Banen drives av frivillige og fors\u00f8pling og h\u00e6rverk gj\u00f8r at det brukes mye un\u00f8dvendig tid p\u00e5 \u00e5 rydde banen og utbedre h\u00e6rverk fremfor \u00e5 gj\u00f8re oppgradering og vedlikehold.<\/li>\n<li><strong>Lost Disc: <\/strong>Hvis man finner disker p\u00e5 banen s\u00e5 finnes det en kasse for \u00ablost disc\u00bb ved hull 2. Legg diskene i denne slik at de kommer tilbake til sin rette eier. Vi anbefaler at alle spillere skriver navn og nummer i diskene sine.<\/li>\n<li><strong>OB:<\/strong> Det er trukket linjer mellom hullene. Hvis man kaster over disse s\u00e5 har man g\u00e5tt Out of Bonds. Da f\u00e5r man et straffekast og m\u00e5 ta neste kast fra der disken gikk over linjen, man har da lov til \u00e5 g\u00e5 1 meter inn p\u00e5 banen<\/li>\n<\/ul>\n<p><strong>Mandatory<\/strong>: Det er Mando`er p\u00e5 banen. Disse er merket p\u00e5 Tee\/Utkastskiltene. Hvis man bommer p\u00e5 en mando m\u00e5 man enten kaste p\u00e5 nytt fra utkast eller fra Drop Zone hvis dette er merket. Man f\u00e5r da et straffekast.<\/p>\n\n\n<p><\/p>\n","protected":false},"excerpt":{"rendered":"<p>Utkast: Ved kast fra Utkast\/Tee m\u00e5 beina v\u00e6re i utkastfeltet n\u00e5r man slipper disken. Kast fra Fairway: Ved kast fra Fairway\/Green m\u00e5 man st\u00e5 bak der disken landet p\u00e5 siste kast. Ideelt brukes mark\u00f8r\/mini. I konkurranser er mark\u00f8r p\u00e5lagt. Putter: Hvis man putter innenfor 10 meter har man ikke lov til \u00e5 hoppe\/g\u00e5 mot kurven [&hellip;]<\/p>\n","protected":false},"author":9,"featured_media":0,"parent":40,"menu_order":28,"comment_status":"closed","ping_status":"closed","template":"","meta":{"footnotes":""},"class_list":["post-873","page","type-page","status-publish","hentry"],"jetpack_shortlink":"https:\/\/wp.me\/P7bZHC-e5","jetpack_sharing_enabled":true,"_links":{"self":[{"href":"https:\/\/kfgk.no\/index.php?rest_route=\/wp\/v2\/pages\/873","targetHints":{"allow":["GET"]}}],"collection":[{"href":"https:\/\/kfgk.no\/index.php?rest_route=\/wp\/v2\/pages"}],"about":[{"href":"https:\/\/kfgk.no\/index.php?rest_route=\/wp\/v2\/types\/page"}],"author":[{"embeddable":true,"href":"https:\/\/kfgk.no\/index.php?rest_route=\/wp\/v2\/users\/9"}],"replies":[{"embeddable":true,"href":"https:\/\/kfgk.no\/index.php?rest_route=%2Fwp%2Fv2%2Fcomments&post=873"}],"version-history":[{"count":6,"href":"https:\/\/kfgk.no\/index.php?rest_route=\/wp\/v2\/pages\/873\/revisions"}],"predecessor-version":[{"id":2816,"href":"https:\/\/kfgk.no\/index.php?rest_route=\/wp\/v2\/pages\/873\/revisions\/2816"}],"up":[{"embeddable":true,"href":"https:\/\/kfgk.no\/index.php?rest_route=\/wp\/v2\/pages\/40"}],"wp:attachment":[{"href":"https:\/\/kfgk.no\/index.php?rest_route=%2Fwp%2Fv2%2Fmedia&parent=873"}],"curies":[{"name":"wp","href":"https:\/\/api.w.org\/{rel}","templated":true}]}}